{"id":9,"date":"2012-07-09T12:53:39","date_gmt":"2012-07-09T12:53:39","guid":{"rendered":"http:\/\/amigosinstitutohistoricodc.com.br\/?page_id=9"},"modified":"2012-12-17T17:39:18","modified_gmt":"2012-12-17T17:39:18","slug":"projetos","status":"publish","type":"page","link":"https:\/\/amigosinstitutohistoricodc.com.br\/?page_id=9","title":{"rendered":"Projetos"},"content":{"rendered":"<p><strong>Projeto Tecendo A\u00e7\u00f5es no Presente. Construindo a Cidadania do Futuro <\/strong><\/p>\n<p>Este Projeto tem como proposta a difus\u00e3o e a frui\u00e7\u00e3o de atividades culturais na cidade de Duque de Caxias e tem como foco principal a mem\u00f3ria e a identidade local numa perspectiva transversal e globalizada.<\/p>\n<p>As atividades desenvolvidas passam pelas seguintes propostas:<\/p>\n<p>1.  \u201cCaminhos percorridos. Hist\u00f3rias constru\u00eddas: a Tradi\u00e7\u00e3o Oral em Duque de Caxias.\u201d Registro em audiovisual de trajet\u00f3rias de Mestres da Cultura Local, particularmente, aqueles relacionados \u00e0 Capoeira, \u00e0 religiosidade de matriz africana e \u00e0s de Folias de Reis. Estes registros fazem parte do acerco do Banco de Oralidade da Associa\u00e7\u00e3o dos Amigos do Instituto Hist\u00f3rico.<\/p>\n<p>2. Cineclube que tem como p\u00fablico alvo alunos de escolas p\u00fablicas e a comunidade interessada, no qual s\u00e3o apresentadas produ\u00e7\u00f5es s\u00f3cio educativas, de g\u00eanero, de etnia, de cultura popular e outros filmes nacionais e document\u00e1rios indicadas por profissionais da Educa\u00e7\u00e3o.<\/p>\n<p>3. Oficina \u201cPintando o hoje. Construindo o amanh\u00e3\u201d, na qual s\u00e3o apresentadas t\u00e9cnicas e estilos diferenciados, atrav\u00e9s da parceria com o Atelier Arte e Fato.<\/p>\n<p>4. Exposi\u00e7\u00e3o \u201cPintando o hoje. Projetando o amanh\u00e3\u201d, composta pelas obras confeccionadas durante a \u201cPintando o hoje. Construindo o amanh\u00e3\u201d, sendo realizada anualmente. As obras ficam expostas no Instituto Hist\u00f3rico de Duque de Caxias.<\/p>\n<p>5. Confec\u00e7\u00e3o e publica\u00e7\u00e3o anual da \u201cRevista Pilares Cultural \u2013 Edi\u00e7\u00f5es Especiais\u201d, com uma tiragem de 1.000 exemplares, divulgando, no primeiro ano, os trabalhos que concorreram ao concurso de monografias \u201cCultura de Duque de Caxias, cad\u00ea Voc\u00ea?\u201d. Ver Edi\u00e7\u00f5es no link http:\/\/amigosinstitutohistoricodc.com.br\/?page_id=105<\/p>\n<p>6. Oficina \u201cTeatro e Transforma\u00e7\u00e3o Social\u201d, dinamizada por Edi\u00e9lio Mendon\u00e7a, teatr\u00f3logo, dramaturgo e diretor teatral. Vencedor do pr\u00eamio Moli\u00e9re, diretor de v\u00e1rios espet\u00e1culos teatrais e professor de v\u00e1rios cursos de teatro. As oficinas tem dura\u00e7\u00e3o semestral e s\u00e3o abertas a alunos de escolas p\u00fablicas e comunidade em geral. Para o encerramento da oficina, \u00e9 realizada uma prova p\u00fablica (duas apresenta\u00e7\u00f5es), com entrada gratuita \u00e0s escolas p\u00fablicas e comunidade interessada. <\/p>\n<p>7. Oficinas de Capoeira que s\u00e3o semestrais e envolvem mestres de capoeira, atuando junto aos alunos de escolas p\u00fablicas. Estas oficinas ocorrem com a parceria do Museu Vivo do S\u00e3o Bento.<\/p>\n<p>8. Cria\u00e7\u00e3o e manuten\u00e7\u00e3o de um website para divulgar as atividades realizadas pelo projeto, as atividades da Associa\u00e7\u00e3o dos Amigos e do pr\u00f3prio Instituto Hist\u00f3rico e, tamb\u00e9m, as atividades culturais relacionadas \u00e0 Baixada Fluminense.<\/p>\n<p>9. Tamb\u00e9m est\u00e3o previstos encontros com Beto Gaspari e m\u00fasicos da Baixada Fluminense, nos quais ser\u00e3o apresentadas as trajet\u00f3rias relacionadas ao universo musical na cidade.  As letras das m\u00fasicas ser\u00e3o recitadas pelo grupo ComInspira\u00e7\u00e3o. Os encontros ter\u00e3o registros audiovisuais e o p\u00fablico alvo ser\u00e1 constitu\u00eddo por alunos das escolas p\u00fablicas e ativistas culturas da cidade. Os registros far\u00e3o parte do acervo do Instituto Hist\u00f3rico. Beto Gaspari \u00e9 m\u00fasico, ator, poeta e produtor cultural. Premiado em v\u00e1rios festivais de m\u00fasica e teatro e \u00e9 fundador do grupo ComInspira\u00e7\u00e3o, em 1984.<\/p>\n<p>\tAs atividades s\u00e3o realizadas em espa\u00e7os variados, como no Instituto Hist\u00f3rico de Duque de Caxias, espa\u00e7o de exposi\u00e7\u00e3o da Associa\u00e7\u00e3o dos Amigos do Instituto Hist\u00f3rico, nos ateliers e espa\u00e7os do Oficineiros, no Museu Vivo do S\u00e3o Bento&#8230; sempre com o objetivo de fortalecer as a\u00e7\u00f5es j\u00e1 existentes que envolvem n\u00e3o s\u00f3 a Associa\u00e7\u00e3o dos Amigos, mas outras institui\u00e7\u00f5es parceiras, como o Centro de Refer\u00eancia Patrimonial e Hist\u00f3rico de Duque de Caxias, a Liga Municipal de Capoeira, a Associa\u00e7\u00e3o dos Artistas Pl\u00e1sticos, os Cineclube existentes e os pr\u00f3prios artistas locais que precisavam sempre de incentivo para a realiza\u00e7\u00e3o de suas a\u00e7\u00f5es.<\/p>\n<p>\tTamb\u00e9m, visamos atender as demandas das A\u00e7\u00f5es da Associa\u00e7\u00e3o que aumentaram consideravelmente desde sua cria\u00e7\u00e3o em 2001, quanto \u00e0 quantidade e diversidade do p\u00fablico que as acessa, o que criou a necessidade de se estruturar mais o espa\u00e7o e as a\u00e7\u00f5es. Por fim, ao perceber que os militantes culturais locais e todos aqueles que participam das atividades podem tamb\u00e9m se tornar protagonistas e, atrav\u00e9s deste Projeto, aumentar a autoestima da popula\u00e7\u00e3o local, particularmente dos mestres de saber popular e dos alunos de escolas p\u00fablicas, incentivamos a proposta destas a\u00e7\u00f5es.<\/p>\n<p>\tPensamos ser o objetivo maior deste Projeto, propiciar, a uma parcela da sociedade, acesso \u00e0 diversas linguagens culturais, divulgando diversas manifesta\u00e7\u00f5es culturais existentes no munic\u00edpio e valorizando os artistas e mestres locais. Ao participar das atividades aqui propostas, muitos jovens despertam ou aprofundam o interesse pela Hist\u00f3ria, pela Tradi\u00e7\u00e3o Oral e pelas Artes, com a perspectiva de manter algumas manifesta\u00e7\u00f5es vivas.<\/p>\n<p>\tAo apoiar este Projeto, o governo do Estado promove e incentiva pol\u00edticas p\u00fablicas de cultura, com o objetivo de elevar o IDH das cidades fluminenses e, particularmente atrav\u00e9s da cultura, incentiva e facilita a acessibilidade de ampla parcela da sociedade duquecaxiense \u00e0s atividades culturais de qualidade e que tem, como um de seus objetivos, a eleva\u00e7\u00e3o da autoestima da popula\u00e7\u00e3o local carente de recursos financeiros e de equipamentos culturais. Este projeto contribui tamb\u00e9m para a promo\u00e7\u00e3o de emprego e renda dos profissionais envolvidos e para a forma\u00e7\u00e3o daqueles que participarem das atividades. <\/p>\n<p><strong>OBJETIVOS GERAIS:<\/strong><br \/>\n&#8211; Elevar a autoestima da popula\u00e7\u00e3o local, particularmente dos Mestres, dos ativistas culturais e dos alunos da rede p\u00fablica;<br \/>\n&#8211; Colaborar para a eleva\u00e7\u00e3o do IDH da cidade de Duque de Caxias;<br \/>\n&#8211; Divulgar as manifesta\u00e7\u00f5es populares da Baixada Fluminense, particularmente, da cidade de Duque de Caxias;<br \/>\n&#8211; Incentivar o poder p\u00fablico local a transformar algumas destas iniciativas em pol\u00edticas p\u00fablicas de cultura;<br \/>\n&#8211; Incentivar a gera\u00e7\u00e3o de emprego e renda na cidade de Duque de Caxias.<\/p>\n<p><strong>OBJETIVOS ESPEC\u00cdFICOS:<\/strong><br \/>\n&#8211; Proporcionar a uma ampla parcela da popula\u00e7\u00e3o duqueaxiense, acesso a informa\u00e7\u00f5es\/forma\u00e7\u00e3o relativas \u00e0s atividades culturais, aos artistas e aos mestres de Tradi\u00e7\u00e3o Oral;<br \/>\n&#8211; Possibilitar o acesso da comunidade \u00e0 produ\u00e7\u00e3o das artes pl\u00e1sticas;<br \/>\n&#8211; Possibilitar \u00e0 comunidade o contato com a tradi\u00e7\u00e3o da capoeira e contribuir para sua difus\u00e3o;<br \/>\n&#8211; Possibilitar aos mestres de tradi\u00e7\u00e3o oral e aos m\u00fasicos da cidade de Duque de Caxias registrar em audiovisual suas trajet\u00f3rias e \u00e0 comunidade o contato com este universo ao mesmo tempo particular e universal;<br \/>\n&#8211; Constituir um acervo que estar\u00e1 dispon\u00edvel para consulta;<br \/>\n&#8211; Fortalecer a rede de Mestres de Tradi\u00e7\u00e3o Oral existentes na cidade;<br \/>\n&#8211; Contribuir para a implementa\u00e7\u00e3o da lei 10.639 na rede p\u00fablica de ensino;<br \/>\n&#8211; Buscar apoio na iniciativa privada para sua continuidade;<br \/>\n&#8211; Fortalecer as a\u00e7\u00f5es da Associa\u00e7\u00e3o dos Amigos do Instituto Hist\u00f3rico relacionadas \u00e0 frui\u00e7\u00e3o e difus\u00e3o das atividades culturais por ele promovidas;<br \/>\n&#8211; Incentivar a intera\u00e7\u00e3o entre as v\u00e1rias linguagens e manifesta\u00e7\u00f5es culturais que se relacionam com a Associa\u00e7\u00e3o dos Amigos do Instituto hist\u00f3rico.<\/p>\n","protected":false},"excerpt":{"rendered":"<p>Projeto Tecendo A\u00e7\u00f5es no Presente. Construindo a Cidadania do Futuro Este Projeto tem como proposta a difus\u00e3o e a frui\u00e7\u00e3o de atividades culturais na cidade de Duque de Caxias e tem como foco principal a mem\u00f3ria e a identidade local numa perspectiva transversal e globalizada. As atividades desenvolvidas passam pelas seguintes propostas: 1. \u201cCaminhos percorridos. [&hellip;]<\/p>\n","protected":false},"author":1,"featured_media":0,"parent":0,"menu_order":0,"comment_status":"open","ping_status":"open","template":"","meta":{"footnotes":""},"_links":{"self":[{"href":"https:\/\/amigosinstitutohistoricodc.com.br\/index.php?rest_route=\/wp\/v2\/pages\/9"}],"collection":[{"href":"https:\/\/amigosinstitutohistoricodc.com.br\/index.php?rest_route=\/wp\/v2\/pages"}],"about":[{"href":"https:\/\/amigosinstitutohistoricodc.com.br\/index.php?rest_route=\/wp\/v2\/types\/page"}],"author":[{"embeddable":true,"href":"https:\/\/amigosinstitutohistoricodc.com.br\/index.php?rest_route=\/wp\/v2\/users\/1"}],"replies":[{"embeddable":true,"href":"https:\/\/amigosinstitutohistoricodc.com.br\/index.php?rest_route=%2Fwp%2Fv2%2Fcomments&post=9"}],"version-history":[{"count":3,"href":"https:\/\/amigosinstitutohistoricodc.com.br\/index.php?rest_route=\/wp\/v2\/pages\/9\/revisions"}],"predecessor-version":[{"id":178,"href":"https:\/\/amigosinstitutohistoricodc.com.br\/index.php?rest_route=\/wp\/v2\/pages\/9\/revisions\/178"}],"wp:attachment":[{"href":"https:\/\/amigosinstitutohistoricodc.com.br\/index.php?rest_route=%2Fwp%2Fv2%2Fmedia&parent=9"}],"curies":[{"name":"wp","href":"https:\/\/api.w.org\/{rel}","templated":true}]}}