{"id":86,"date":"2012-07-24T19:17:24","date_gmt":"2012-07-24T19:17:24","guid":{"rendered":"http:\/\/amigosinstitutohistoricodc.com.br\/?page_id=86"},"modified":"2015-03-17T11:58:36","modified_gmt":"2015-03-17T11:58:36","slug":"conselho-deliberativo","status":"publish","type":"page","link":"https:\/\/amigosinstitutohistoricodc.com.br\/?page_id=86","title":{"rendered":"Conselho deliberativo &#8211; 2011 \/ 2012"},"content":{"rendered":"<p><strong>CONSELHO DELIBERATIVO 2011\/2012<\/strong><\/p>\n<p><strong>Efetivos<\/strong><br \/>\nPAULO MAINHARD <strong>Presidente<\/strong><br \/>\nANT\u00d4NIO AUGUSTO BRAZ <strong>Vice-Presidente<\/strong><br \/>\nARISTIDES MULIN<br \/>\nGENESIS TORRES<br \/>\nGILBERTO SILVA<br \/>\nGUILHERME PERES<br \/>\nJOS\u00c9 ZUMBA CLEMENTE DA SILVA<br \/>\nLAURY DE SOUZA VILLAR<br \/>\nROGERIO TORRES<br \/>\nST\u00c9LIO LACERDA<br \/>\nAGRINALDO FARIAS<br \/>\nDalmar L\u00edrio Mazinho de Almeida Filho <strong>(PRESIDENTE DA CMDC)<\/strong><br \/>\nSecret\u00e1rio de Cultura<br \/>\nSecret\u00e1ria de Educa\u00e7\u00e3o<\/p>\n<p><strong>Suplentes<\/strong><br \/>\nMARLUCIA SANTOS SOUZA<br \/>\nALEXANDRE MARQUES<br \/>\nBETO GASPARI<br \/>\nANDR\u00c9 OLIVEIRA<br \/>\nWASHINGTON LUIZ JUNIOR<br \/>\nERC\u00cdLIA COELHO DE OLIVEIRA<br \/>\nMARIA VIT\u00d3RIA S. GUIMAR\u00c3ES LEAL<br \/>\nJOSUE CARDOSO<br \/>\nROSA LEITE<\/p>\n<p><strong>CONSELHO FISCAL<\/strong><br \/>\nEfetivos<br \/>\nMANOEL MATHIAS THIBURCIO FILHO<br \/>\nNEWTON MENEZES<br \/>\nCARLOS DE S\u00c1 BEZERRA<\/p>\n<p><strong>Suplentes<\/strong><br \/>\nJOS\u00c9 ROG\u00c9RIO OLIVEIRA<br \/>\nALBANIR JOS\u00c9 DA SILVA<br \/>\nODLAN VILLAR<\/p>\n<p><strong>DIRETORIA EXECUTIVA<\/strong><br \/>\nDiretor Executivo NIELSON ROSA BEZERRA<br \/>\nSecret\u00e1rio ANGELO MARCIO DA SILVA<br \/>\nTesoureiro MARCELO BORGES SOARES DE ALMEIDA<br \/>\nDiretora de Pesquisa TANIA MARIA S. AMARO DE ALMEIDA <strong>(Diretora do IH)<\/strong><\/p>\n","protected":false},"excerpt":{"rendered":"<p>CONSELHO DELIBERATIVO 2011\/2012 Efetivos PAULO MAINHARD Presidente ANT\u00d4NIO AUGUSTO BRAZ Vice-Presidente ARISTIDES MULIN GENESIS TORRES GILBERTO SILVA GUILHERME PERES JOS\u00c9 ZUMBA CLEMENTE DA SILVA LAURY DE SOUZA VILLAR ROGERIO TORRES ST\u00c9LIO LACERDA AGRINALDO FARIAS Dalmar L\u00edrio Mazinho de Almeida Filho (PRESIDENTE DA CMDC) Secret\u00e1rio de Cultura Secret\u00e1ria de Educa\u00e7\u00e3o Suplentes MARLUCIA SANTOS SOUZA ALEXANDRE MARQUES [&hellip;]<\/p>\n","protected":false},"author":1,"featured_media":0,"parent":0,"menu_order":0,"comment_status":"open","ping_status":"open","template":"","meta":{"footnotes":""},"_links":{"self":[{"href":"https:\/\/amigosinstitutohistoricodc.com.br\/index.php?rest_route=\/wp\/v2\/pages\/86"}],"collection":[{"href":"https:\/\/amigosinstitutohistoricodc.com.br\/index.php?rest_route=\/wp\/v2\/pages"}],"about":[{"href":"https:\/\/amigosinstitutohistoricodc.com.br\/index.php?rest_route=\/wp\/v2\/types\/page"}],"author":[{"embeddable":true,"href":"https:\/\/amigosinstitutohistoricodc.com.br\/index.php?rest_route=\/wp\/v2\/users\/1"}],"replies":[{"embeddable":true,"href":"https:\/\/amigosinstitutohistoricodc.com.br\/index.php?rest_route=%2Fwp%2Fv2%2Fcomments&post=86"}],"version-history":[{"count":4,"href":"https:\/\/amigosinstitutohistoricodc.com.br\/index.php?rest_route=\/wp\/v2\/pages\/86\/revisions"}],"predecessor-version":[{"id":295,"href":"https:\/\/amigosinstitutohistoricodc.com.br\/index.php?rest_route=\/wp\/v2\/pages\/86\/revisions\/295"}],"wp:attachment":[{"href":"https:\/\/amigosinstitutohistoricodc.com.br\/index.php?rest_route=%2Fwp%2Fv2%2Fmedia&parent=86"}],"curies":[{"name":"wp","href":"https:\/\/api.w.org\/{rel}","templated":true}]}}