{"id":322,"date":"2020-06-01T14:39:47","date_gmt":"2020-06-01T14:39:47","guid":{"rendered":"http:\/\/amigosinstitutohistoricodc.com.br\/?page_id=322"},"modified":"2025-04-28T20:35:39","modified_gmt":"2025-04-28T20:35:39","slug":"ebooks","status":"publish","type":"page","link":"https:\/\/amigosinstitutohistoricodc.com.br\/?page_id=322","title":{"rendered":"Ebooks"},"content":{"rendered":"<div class=\"one_third\"><center><img decoding=\"async\" src=\"http:\/\/amigosinstitutohistoricodc.com.br\/wp-content\/uploads\/2020\/06\/livro01.png\" alt=\"\" title=\"\" \/><\/p>\n<h4>De Merity a Duqque de Caxias<\/h4>\n<p>Encontro com a Hist\u00f3ria da cidade.<\/center><\/p>\n<ul>\n<li>Autor: Antonio Augusto Braz<\/li>\n<li>Autora: Tania Maria Amaro<\/li>\n<li>ISBN:978-85-67951-07-2<\/li>\n<li><a href=\"http:\/\/amigosinstitutohistoricodc.com.br\/wp-content\/uploads\/2019\/04\/De-Merity-a-Duque-de-Caxias.pdf\" target=\"_blank\" rel=\"noopener noreferrer\"> Download do Exemplar em PDF<\/a>\n<\/ul>\n<\/div>\n<div class=\"one_third\"><center><img decoding=\"async\" src=\"http:\/\/amigosinstitutohistoricodc.com.br\/wp-content\/uploads\/2020\/06\/livro02.png\" alt=\"\" title=\"\" \/><\/p>\n<h4>Queimados<\/h4>\n<p>Imagens de uma cidade em constru\u00e7\u00e3o.<\/center><\/p>\n<ul>\n<li>Autor: Nilson Henrique de Araujo Filho<\/li>\n<li>Autora: Claudia Patricia de Oliveira Costa<\/li>\n<li>ISBN: 978-85-67951-03-4<\/li>\n<li><a href=\"http:\/\/amigosinstitutohistoricodc.com.br\/wp-content\/uploads\/2019\/08\/Queimados-Imagens_de_uma_Cidade_em_Construcao.pdf\" target=\"_blank\" rel=\"noopener noreferrer\"> Download do Exemplar em PDF<\/a>\n<\/ul>\n<\/div>\n<div class=\"one_third last\"><center><img decoding=\"async\" src=\"http:\/\/amigosinstitutohistoricodc.com.br\/wp-content\/uploads\/2020\/06\/livro03.png\" alt=\"\" title=\"\" \/><\/p>\n<h4>Baixada Fluminense<\/h4>\n<p>Estudos Contempor\u00e2neos e (re) Descobertas Hist\u00f3rico-Geogr\u00e1ficas<\/center><\/p>\n<ul>\n<li>Autor: Andr\u00e9 Santos da Rocha<\/li>\n<li>ISBN 978-65-990229-0-6<\/li>\n<li><a href=\"http:\/\/amigosinstitutohistoricodc.com.br\/Baixada_Fluminense_2020_FINAL.pdf\" target=\"_blank\" rel=\"noopener noreferrer\"> Download do Exemplar em PDF<\/a>\n<\/ul>\n<\/div>\n<div class=\"clear\"><\/div>\n<div class=\"one_third\"><center><img decoding=\"async\" src=\"http:\/\/amigosinstitutohistoricodc.com.br\/wp-content\/uploads\/2020\/08\/livro04.jpg\" alt=\"\" title=\"\" \/><\/p>\n<h4>Flona M\u00e1rio Xavier<\/h4>\n<p>Entre hist\u00f3rias e mem\u00f3rias.<\/center><\/p>\n<ul>\n<li>Autor: Tamiris Regina Ribeiro<\/li>\n<li>Autor: Karine Bueno Vargas <\/li>\n<li>ISBN:978-65-990229-1-3<\/li>\n<li><a href=\"http:\/\/amigosinstitutohistoricodc.com.br\/wp-content\/uploads\/2020\/08\/Cartilha-Flona-Mario-Xavier_-entre-historias-e-memorias.pdf\" target=\"_blank\" rel=\"noopener noreferrer\"> Download do Exemplar em PDF<\/a>\n<\/ul>\n<\/div>\n<div class=\"one_third\"><center><img decoding=\"async\" src=\"http:\/\/amigosinstitutohistoricodc.com.br\/wp-content\/uploads\/2020\/08\/livro05.jpg\" alt=\"\" title=\"\" \/><\/p>\n<h4>A Cor da Baixada<\/h4>\n<p><\/center><\/p>\n<ul>\n<li>Autor: Nielson Rosa Bezerra<\/li>\n<li>ISBN: 978-85-89947-05-3<\/li>\n<li><a href=\"http:\/\/amigosinstitutohistoricodc.com.br\/wp-content\/uploads\/2020\/08\/A-Cor-da-Baixada.pdf\" target=\"_blank\" rel=\"noopener noreferrer\"> Download do Exemplar em PDF<\/a>\n<\/ul>\n<\/div>\n<div class=\"one_third last\"><center><img decoding=\"async\" src=\"http:\/\/amigosinstitutohistoricodc.com.br\/wp-content\/uploads\/2022\/04\/Oatrimonio.jpg\" alt=\"\" title=\"\" \/><\/p>\n<h4>Patrim\u00f4nio da F\u00e9<\/h4>\n<p>Diocese de Duque de Caxias<\/center><\/p>\n<ul>\n<li>Autor: Elaine Tavares e Tania Amaro<\/li>\n<li>ISBN 978-85-67951-08-9<\/li>\n<li><a href=\"http:\/\/amigosinstitutohistoricodc.com.br\/wp-content\/uploads\/2022\/04\/CATALOGO-Patrimonio-da-Fe-DIOCESE-de-Duque-de-Caxias-Oficial.pdf\" target=\"_blank\" rel=\"noopener noreferrer\"> Download do Exemplar em PDF<\/a>\n<\/ul>\n<\/div>\n<div class=\"clear\"><\/div>\n<div class=\"one_third\"><center><img decoding=\"async\" src=\"http:\/\/amigosinstitutohistoricodc.com.br\/wp-content\/uploads\/2022\/07\/livro_cultura.jpg\" alt=\"\" title=\"\" \/><\/p>\n<h4>Cultura, pol\u00edtica e territ\u00f3rio contempor\u00e2neo<\/h4>\n<p>na Baixada Fluminense.<\/center><\/p>\n<ul>\n<li>Autor: Andre, Jean e Manoel<\/li>\n<li>Autora: Tania Amaro<\/li>\n<li><a href=\"http:\/\/amigosinstitutohistoricodc.com.br\/wp-content\/uploads\/2022\/07\/Ebook_Baixada-ASAMIH_2022_FINAL.pdf\" target=\"_blank\" rel=\"noopener noreferrer\"> Download do Exemplar em PDF<\/a>\n<\/ul>\n<\/div>\n<div class=\"one_third\"><center><img decoding=\"async\" src=\"http:\/\/amigosinstitutohistoricodc.com.br\/wp-content\/uploads\/2024\/12\/historia.jpg\" alt=\"\" title=\"\" \/><\/p>\n<h4>Hist\u00f3ria de uma nova Igreja<\/h4>\n<p><\/center><\/p>\n<ul>\n<li>Autor: The\u00f3philo Ant\u00f4nio da<br \/>\nRocha Matos.<\/li>\n<li><a href=\"https:\/\/www.cmdc.rj.gov.br\/wp-content\/uploads\/2023\/10\/jubileu-diocese-duque-de-caxias.pdf\" target=\"_blank\" rel=\"noopener noreferrer\"> Download do Exemplar em PDF<\/a>\n<\/ul>\n<\/div>\n<div class=\"one_third last\"><center><img decoding=\"async\" src=\"http:\/\/amigosinstitutohistoricodc.com.br\/wp-content\/uploads\/2024\/12\/Caxias.jpg\" alt=\"\" title=\"\" \/><\/p>\n<h4>Caxias, ponto a ponto<\/h4>\n<p><\/center><\/p>\n<ul>\n<li>Autor: La\u00eds Costa Velho<\/li>\n<li><a href=\"https:\/\/www.cmdc.rj.gov.br\/wp-content\/uploads\/2024\/10\/Caxias_Ponto_a_Ponto.pdf\" target=\"_blank\" rel=\"noopener noreferrer\"> Download do Exemplar em PDF<\/a>\n<\/ul>\n<\/div>\n<div class=\"clear\"><\/div>\n<div class=\"one_third\"><center><img decoding=\"async\" src=\"http:\/\/amigosinstitutohistoricodc.com.br\/wp-content\/uploads\/2024\/12\/Escrito.jpg\" alt=\"\" title=\"\" \/><\/p>\n<h4>A Escrita Criativa no Munic\u00edpio de Duque de Caxias<br \/>\nBaixada Fluminense<\/center><\/p>\n<ul>\n<li>Diversos Autores<\/li>\n<li><a href=\"https:\/\/www.cmdc.rj.gov.br\/wp-content\/uploads\/2024\/12\/e-book-SMCT-Escrita-Criativa-DC.pdf\" target=\"_blank\" rel=\"noopener noreferrer\"> Download do Exemplar em PDF<\/a>\n<\/ul>\n<\/div>\n<div class=\"one_third\"><center><img decoding=\"async\" src=\"http:\/\/amigosinstitutohistoricodc.com.br\/wp-content\/uploads\/2024\/12\/Encontro.jpg\" alt=\"\" title=\"\" \/><\/p>\n<h4>Encontros com a Hist\u00f3ria da Cidade<\/h4>\n<p><\/center><\/p>\n<ul>\n<li>Autora: Tania Maria Amaro<\/li>\n<li><a href=\"https:\/\/www.cmdc.rj.gov.br\/wp-content\/uploads\/2024\/11\/encontros_com_a_historia_da_cidade.pdf\" target=\"_blank\" rel=\"noopener noreferrer\"> Download do Exemplar em PDF<\/a>\n<\/ul>\n<\/div>\n<div class=\"one_third last\"><center><img decoding=\"async\" src=\"http:\/\/amigosinstitutohistoricodc.com.br\/wp-content\/uploads\/2024\/12\/caxiasde.jpg\" alt=\"\" title=\"\" \/><\/p>\n<h4>Caxias de Antigamente<\/h4>\n<p><\/center><\/p>\n<ul>\n<li>Autor: Rog\u00e9rio Torres<\/li>\n<li><a href=\"https:\/\/www.cmdc.rj.gov.br\/wp-content\/uploads\/2024\/10\/Caxias_de_Antigamente_Rogerio_Torres.pdf\" target=\"_blank\" rel=\"noopener noreferrer\"> Download do Exemplar em PDF<\/a>\n<\/ul>\n<\/div>\n<div class=\"clear\"><\/div>\n<div class=\"one_third\"><center><img decoding=\"async\" src=\"http:\/\/amigosinstitutohistoricodc.com.br\/wp-content\/uploads\/2024\/12\/Umapassagem.jpg\" alt=\"\" title=\"\" \/><\/p>\n<h4>Uma passagem pela Caxias dos anos 60.<\/h4>\n<p><\/center><\/p>\n<ul>\n<li>Autor: St\u00e9lio Lacerda<\/li>\n<li><a href=\"https:\/\/www.cmdc.rj.gov.br\/wp-content\/uploads\/2023\/10\/caxias-anos-1960.pdf\" target=\"_blank\" rel=\"noopener noreferrer\"> Download do Exemplar em PDF<\/a>\n<\/ul>\n<\/div>\n<div class=\"one_third\"><center><img decoding=\"async\" src=\"http:\/\/amigosinstitutohistoricodc.com.br\/wp-content\/uploads\/2025\/04\/Guandu.jpg\" alt=\"\" title=\"\" \/><\/p>\n<h4>Olhares Geogr\u00e1ficos para a Bacia Hidrogr\u00e1fica do Guandu<\/h4>\n<p><\/center><\/p>\n<ul>\n<li>Autora: Tamiris Regina Ribeiro<\/li>\n<li><a href=\"https:\/\/www.cmdc.rj.gov.br\/wp-content\/uploads\/2023\/09\/L8_cartilha-olhares-geograficos.pdf\" target=\"_blank\" rel=\"noopener noreferrer\"> Download do Exemplar em PDF<\/a>\n<\/ul>\n<\/div>\n<div class=\"one_third last\"><center><img decoding=\"async\" src=\"http:\/\/amigosinstitutohistoricodc.com.br\/wp-content\/uploads\/2025\/04\/altura.jpg\" alt=\"\" title=\"\" \/><\/p>\n<h4>Duque de Caxias nas Alturas<\/h4>\n<p><\/center><\/p>\n<ul>\n<li>Autor: Naldo Farias<\/li>\n<li><a href=\"https:\/\/www.cmdc.rj.gov.br\/wp-content\/uploads\/2025\/04\/livro-duque-de-caxias-nas-alturas.pdf\" target=\"_blank\" rel=\"noopener noreferrer\"> Download do Exemplar em PDF<\/a>\n<\/ul>\n<\/div>\n<div class=\"clear\"><\/div>\n<div class=\"one_third\"><center><img decoding=\"async\" src=\"http:\/\/amigosinstitutohistoricodc.com.br\/wp-content\/uploads\/2025\/04\/Guandu.jpg\" alt=\"\" title=\"\" \/><\/p>\n<h4>Anais de Resumos e Trabalhos Completos do 5\u00ba SECBF<\/h4>\n<p><\/center><\/p>\n<ul>\n<li>Autora: Andr\u00e9 Rocha e Am\u00e1lia Dias<\/li>\n<li><a href=\"\/\/www.cmdc.rj.gov.br\/wp-content\/uploads\/2025\/02\/ebook_seminarios-contemporaneos-sobre-baixada-fluminense.pdf\" target=\"_blank\" rel=\"noopener noreferrer\"> Download do Exemplar em PDF<\/a>\n<\/ul>\n<\/div>\n<div class=\"one_third last\"><center><img decoding=\"async\" src=\"http:\/\/amigosinstitutohistoricodc.com.br\/wp-content\/uploads\/2025\/04\/resumos.jpg\" alt=\"\" title=\"\" \/><\/p>\n<h4>Caderno de Resumos I Encontro de Pesquisa e Educa\u00e7\u00e3o Ambiental do Comit\u00ea Guandu<\/h4>\n<p><\/center><\/p>\n<ul>\n<li>Autor: Karine Bueno Vargas<\/li>\n<li><a href=\"https:\/\/www.cmdc.rj.gov.br\/wp-content\/uploads\/2023\/09\/L9_caderno-resumo-comite-guandu.pdf\" target=\"_blank\" rel=\"noopener noreferrer\"> Download do Exemplar em PDF<\/a>\n<\/ul>\n<\/div>\n<div class=\"clear\"><\/div>\n<p><P><\/p>\n<p><P><\/p>\n","protected":false},"excerpt":{"rendered":"","protected":false},"author":1,"featured_media":0,"parent":0,"menu_order":0,"comment_status":"closed","ping_status":"closed","template":"template_fullwidth.php","meta":{"footnotes":""},"_links":{"self":[{"href":"https:\/\/amigosinstitutohistoricodc.com.br\/index.php?rest_route=\/wp\/v2\/pages\/322"}],"collection":[{"href":"https:\/\/amigosinstitutohistoricodc.com.br\/index.php?rest_route=\/wp\/v2\/pages"}],"about":[{"href":"https:\/\/amigosinstitutohistoricodc.com.br\/index.php?rest_route=\/wp\/v2\/types\/page"}],"author":[{"embeddable":true,"href":"https:\/\/amigosinstitutohistoricodc.com.br\/index.php?rest_route=\/wp\/v2\/users\/1"}],"replies":[{"embeddable":true,"href":"https:\/\/amigosinstitutohistoricodc.com.br\/index.php?rest_route=%2Fwp%2Fv2%2Fcomments&post=322"}],"version-history":[{"count":28,"href":"https:\/\/amigosinstitutohistoricodc.com.br\/index.php?rest_route=\/wp\/v2\/pages\/322\/revisions"}],"predecessor-version":[{"id":428,"href":"https:\/\/amigosinstitutohistoricodc.com.br\/index.php?rest_route=\/wp\/v2\/pages\/322\/revisions\/428"}],"wp:attachment":[{"href":"https:\/\/amigosinstitutohistoricodc.com.br\/index.php?rest_route=%2Fwp%2Fv2%2Fmedia&parent=322"}],"curies":[{"name":"wp","href":"https:\/\/api.w.org\/{rel}","templated":true}]}}