{"id":102,"date":"2012-08-06T00:09:30","date_gmt":"2012-08-06T00:09:30","guid":{"rendered":"http:\/\/amigosinstitutohistoricodc.com.br\/?page_id=102"},"modified":"2012-08-08T00:12:06","modified_gmt":"2012-08-08T00:12:06","slug":"socios-contribuintes","status":"publish","type":"page","link":"https:\/\/amigosinstitutohistoricodc.com.br\/?page_id=102","title":{"rendered":"S\u00f3cios Contribuintes"},"content":{"rendered":"<p><strong>S\u00d3CIOS CONTRIBUINTES<\/strong><\/p>\n<p>ADENILDO DANIEL DA SILVA<br \/>\nALBANIR JOS\u00c9 DA SILVA<br \/>\nALEXANDRE BARROS DO ROS\u00c1RIO<br \/>\nALINE COSTA DOS SANTOS<br \/>\nALINE FERNANDES PEREIRA<br \/>\nANGELA MARIA SANT\u2019ANNA FIGUEIREDO<br \/>\nANGELO MARCIO DA SILVA<br \/>\nCARLA DE OLIVEIRA<br \/>\nCARLOS GUSTAVO COSTA MOREIRA<br \/>\nCARLOS HENRIQUE DOS SANTOS<br \/>\nCARLOS JOS\u00c9 DOS SANTOS<br \/>\nCLAUDIO DE PAULA HONORATO<br \/>\nCRISTIANO CAMPOS AZEREDO<br \/>\nDENAIR DE SOUZA CORR\u00caA DE MORAES<br \/>\nDIANA JUSTO KELIM<br \/>\nDIEGO LUCIO VILLELA PEREIRA<br \/>\nEDGAR DE SOUZA CARVALHO<br \/>\nELDEMAR BATISTA DE SOUZA<br \/>\nELIANE PONCIANO DE LIMA<br \/>\nELIAS DA SILVA MAIA<br \/>\nELIZABETH CASTELANO GAMA<br \/>\nENILDO JOS\u00c9 BONIF\u00c1CIO<br \/>\nFERNANDO RAMOS PEREIRA<br \/>\nGERALDO COSTA FILHO<br \/>\nGIANIS HANS MARTINS PETRAKIS<br \/>\nGUSTAVO GUIMAR\u00c3ES MOTTA FILHO<br \/>\nHELENITA MARIA BESERRA DA SILVA<br \/>\nHELLENICE DE SOUZA FERREIRA<br \/>\nINDIOMAR GUARACIABA GOMES DA SILVA<br \/>\nINSTITUTO N S DA GL\u00d3RIA\/REGINA C S LOPES<br \/>\nIZABEL CRISTINA GOMES DA COSTA<br \/>\nJADIVAL OLIVEIRA<br \/>\nJORGE BASTOS FURNAN<br \/>\nJOS\u00c9 CARLOS LEAL<br \/>\nL\u00c9O MANSO RIBEIRO<br \/>\nLEONARDO SIME\u00c3O DA SILVA<br \/>\nLUIS FELIPE DOS SANTOS J\u00daNIOR<br \/>\nMA\u00cdZE DE OLIVEIRA GONDIM<br \/>\nMARIA CELESTE FERREIRA<br \/>\nMARIA HELENA JACINTHO<br \/>\nNAT\u00c1LIA EXPOSITO FILGUEIRAS<br \/>\nNILSON HENRIQUE DE ARA\u00daJO FILHO<br \/>\nNOEMI REBELLO DOS SANTOS<br \/>\nPAULO DA SILVA<br \/>\nPAULO S\u00c9RGIO DA SILVA<br \/>\nRICARDO DA FONSECA IGNEZ<br \/>\nROBERTO LIMA DOS SANTOS<br \/>\nRUBENS DE ALMEIDA<br \/>\nSELMA CHAGAS DE OLIVEIRA<br \/>\nSERGIO BRABO DE ABREU<br \/>\nSIDNEY DE OLIVEIRA SILVA<br \/>\nTHIAGO SCHUBERT LOPES<br \/>\nUBIRAJARA SILVA DE SOUZA<br \/>\nVALERIA MOREIRA COUSAQUIVITI<\/p>\n","protected":false},"excerpt":{"rendered":"<p>S\u00d3CIOS CONTRIBUINTES ADENILDO DANIEL DA SILVA ALBANIR JOS\u00c9 DA SILVA ALEXANDRE BARROS DO ROS\u00c1RIO ALINE COSTA DOS SANTOS ALINE FERNANDES PEREIRA ANGELA MARIA SANT\u2019ANNA FIGUEIREDO ANGELO MARCIO DA SILVA CARLA DE OLIVEIRA CARLOS GUSTAVO COSTA MOREIRA CARLOS HENRIQUE DOS SANTOS CARLOS JOS\u00c9 DOS SANTOS CLAUDIO DE PAULA HONORATO CRISTIANO CAMPOS AZEREDO DENAIR DE SOUZA CORR\u00caA [&hellip;]<\/p>\n","protected":false},"author":1,"featured_media":0,"parent":0,"menu_order":0,"comment_status":"open","ping_status":"open","template":"","meta":{"footnotes":""},"_links":{"self":[{"href":"https:\/\/amigosinstitutohistoricodc.com.br\/index.php?rest_route=\/wp\/v2\/pages\/102"}],"collection":[{"href":"https:\/\/amigosinstitutohistoricodc.com.br\/index.php?rest_route=\/wp\/v2\/pages"}],"about":[{"href":"https:\/\/amigosinstitutohistoricodc.com.br\/index.php?rest_route=\/wp\/v2\/types\/page"}],"author":[{"embeddable":true,"href":"https:\/\/amigosinstitutohistoricodc.com.br\/index.php?rest_route=\/wp\/v2\/users\/1"}],"replies":[{"embeddable":true,"href":"https:\/\/amigosinstitutohistoricodc.com.br\/index.php?rest_route=%2Fwp%2Fv2%2Fcomments&post=102"}],"version-history":[{"count":3,"href":"https:\/\/amigosinstitutohistoricodc.com.br\/index.php?rest_route=\/wp\/v2\/pages\/102\/revisions"}],"predecessor-version":[{"id":111,"href":"https:\/\/amigosinstitutohistoricodc.com.br\/index.php?rest_route=\/wp\/v2\/pages\/102\/revisions\/111"}],"wp:attachment":[{"href":"https:\/\/amigosinstitutohistoricodc.com.br\/index.php?rest_route=%2Fwp%2Fv2%2Fmedia&parent=102"}],"curies":[{"name":"wp","href":"https:\/\/api.w.org\/{rel}","templated":true}]}}